[INFO] cloning repository https://github.com/iovxw/aptf
[INFO] running `Command { std: "git" "-c" "credential.helper=" "-c" "credential.helper=/workspace/cargo-home/bin/git-credential-null" "clone" "--bare" "https://github.com/iovxw/aptf" "/workspace/cache/git-repos/https%3A%2F%2Fgithub.com%2Fiovxw%2Faptf", kill_on_drop: false }`
[INFO] [stderr] Cloning into bare repository '/workspace/cache/git-repos/https%3A%2F%2Fgithub.com%2Fiovxw%2Faptf'...
[INFO] running `Command { std: "git" "rev-parse" "HEAD", kill_on_drop: false }`
[INFO] [stdout] 06d31ca596fa20ee238a2044803786e65692afc6
[INFO] checking iovxw/aptf against try#72f88fc4e9458f89516a0b8b0868f3718aec5b47 for pr-74989
[INFO] running `Command { std: "git" "clone" "/workspace/cache/git-repos/https%3A%2F%2Fgithub.com%2Fiovxw%2Faptf" "/workspace/builds/worker-3/source", kill_on_drop: false }`
[INFO] [stderr] Cloning into '/workspace/builds/worker-3/source'...
[INFO] [stderr] done.
[INFO] validating manifest of git repo https://github.com/iovxw/aptf on toolchain 72f88fc4e9458f89516a0b8b0868f3718aec5b47
[INFO] running `Command { std: "/workspace/cargo-home/bin/cargo" "+72f88fc4e9458f89516a0b8b0868f3718aec5b47" "read-manifest" "--manifest-path" "Cargo.toml", kill_on_drop: false }`
[INFO] started tweaking git repo https://github.com/iovxw/aptf
[INFO] finished tweaking git repo https://github.com/iovxw/aptf
[INFO] tweaked toml for git repo https://github.com/iovxw/aptf written to /workspace/builds/worker-3/source/Cargo.toml
[INFO] crate git repo https://github.com/iovxw/aptf already has a lockfile, it will not be regenerated
[INFO] running `Command { std: "/workspace/cargo-home/bin/cargo" "+72f88fc4e9458f89516a0b8b0868f3718aec5b47" "fetch" "--locked" "--manifest-path" "Cargo.toml", kill_on_drop: false }`
[INFO] [stderr] warning: the cargo feature `edition` is now stable and is no longer necessary to be listed in the manifest
[INFO] [stderr]  Downloading crates ...
[INFO] [stderr]   Downloaded vcpkg v0.2.5
[INFO] [stderr]   Downloaded smallvec v0.6.4
[INFO] [stderr]   Downloaded futures-channel-preview v0.3.0-alpha.3
[INFO] [stderr]   Downloaded futures-core-preview v0.3.0-alpha.3
[INFO] [stderr]   Downloaded futures-sink-preview v0.3.0-alpha.3
[INFO] [stderr]   Downloaded futures-io-preview v0.3.0-alpha.3
[INFO] [stderr]   Downloaded futures-util-preview v0.3.0-alpha.3
[INFO] [stderr]   Downloaded parking_lot v0.6.3
[INFO] [stderr]   Downloaded pin-utils v0.1.0-alpha.1
[INFO] [stderr]   Downloaded tokio-curl v0.1.11
[INFO] [stderr]   Downloaded futures-executor-preview v0.3.0-alpha.3
[INFO] [stderr]   Downloaded futures-preview v0.3.0-alpha.3
[INFO] [stderr]   Downloaded curl v0.4.14
[INFO] [stderr]   Downloaded libz-sys v1.0.20
[INFO] [stderr]   Downloaded curl-sys v0.4.8
[INFO] running `Command { std: "docker" "create" "-v" "/var/lib/crater-agent-workspace/builds/worker-3/target:/opt/rustwide/target:rw,Z" "-v" "/var/lib/crater-agent-workspace/builds/worker-3/source:/opt/rustwide/workdir:ro,Z" "-v" "/var/lib/crater-agent-workspace/cargo-home:/opt/rustwide/cargo-home:ro,Z" "-v" "/var/lib/crater-agent-workspace/rustup-home:/opt/rustwide/rustup-home:ro,Z" "-e" "SOURCE_DIR=/opt/rustwide/workdir" "-e" "CARGO_TARGET_DIR=/opt/rustwide/target" "-e" "CARGO_HOME=/opt/rustwide/cargo-home" "-e" "RUSTUP_HOME=/opt/rustwide/rustup-home" "-w" "/opt/rustwide/workdir" "-m" "1610612736" "--user" "0:0" "--network" "none" "rustops/crates-build-env@sha256:d92eaeed33fa75130ca1ee6c8a01d1ffb62bac859dfdfb3450e3e5d1c0146529" "/opt/rustwide/cargo-home/bin/cargo" "+72f88fc4e9458f89516a0b8b0868f3718aec5b47" "metadata" "--no-deps" "--format-version=1", kill_on_drop: false }`
[INFO] [stdout] 784ef3932481156b40bda6b628a2c73ba80976c6e44799eb62f32dc913903724
[INFO] [stderr] WARNING: Your kernel does not support swap limit capabilities or the cgroup is not mounted. Memory limited without swap.
[INFO] running `Command { std: "docker" "start" "-a" "784ef3932481156b40bda6b628a2c73ba80976c6e44799eb62f32dc913903724", kill_on_drop: false }`
[INFO] running `Command { std: "docker" "inspect" "784ef3932481156b40bda6b628a2c73ba80976c6e44799eb62f32dc913903724", kill_on_drop: false }`
[INFO] running `Command { std: "docker" "rm" "-f" "784ef3932481156b40bda6b628a2c73ba80976c6e44799eb62f32dc913903724", kill_on_drop: false }`
[INFO] [stdout] 784ef3932481156b40bda6b628a2c73ba80976c6e44799eb62f32dc913903724
[INFO] running `Command { std: "docker" "create" "-v" "/var/lib/crater-agent-workspace/builds/worker-3/target:/opt/rustwide/target:rw,Z" "-v" "/var/lib/crater-agent-workspace/builds/worker-3/source:/opt/rustwide/workdir:ro,Z" "-v" "/var/lib/crater-agent-workspace/cargo-home:/opt/rustwide/cargo-home:ro,Z" "-v" "/var/lib/crater-agent-workspace/rustup-home:/opt/rustwide/rustup-home:ro,Z" "-e" "SOURCE_DIR=/opt/rustwide/workdir" "-e" "CARGO_TARGET_DIR=/opt/rustwide/target" "-e" "CARGO_INCREMENTAL=0" "-e" "RUST_BACKTRACE=full" "-e" "RUSTFLAGS=--cap-lints=forbid" "-e" "CARGO_HOME=/opt/rustwide/cargo-home" "-e" "RUSTUP_HOME=/opt/rustwide/rustup-home" "-w" "/opt/rustwide/workdir" "-m" "1610612736" "--user" "0:0" "--network" "none" "rustops/crates-build-env@sha256:d92eaeed33fa75130ca1ee6c8a01d1ffb62bac859dfdfb3450e3e5d1c0146529" "/opt/rustwide/cargo-home/bin/cargo" "+72f88fc4e9458f89516a0b8b0868f3718aec5b47" "check" "--frozen" "--all" "--all-targets" "--message-format=json", kill_on_drop: false }`
[INFO] [stdout] f86660fd1c239a63b1401ab79b903fd2345fa64c50cf65a9cb6a3c196b60b92c
[INFO] [stderr] WARNING: Your kernel does not support swap limit capabilities or the cgroup is not mounted. Memory limited without swap.
[INFO] running `Command { std: "docker" "start" "-a" "f86660fd1c239a63b1401ab79b903fd2345fa64c50cf65a9cb6a3c196b60b92c", kill_on_drop: false }`
[INFO] [stderr] warning: the cargo feature `edition` is now stable and is no longer necessary to be listed in the manifest
[INFO] [stderr]     Blocking waiting for file lock on package cache
[INFO] [stderr]     Blocking waiting for file lock on package cache
[INFO] [stderr]     Blocking waiting for file lock on package cache
[INFO] [stderr]    Compiling version_check v0.1.4
[INFO] [stderr]     Checking futures v0.1.23
[INFO] [stderr]    Compiling pkg-config v0.3.13
[INFO] [stderr]     Checking scopeguard v0.3.3
[INFO] [stderr]    Compiling cc v1.0.18
[INFO] [stderr]     Checking byteorder v1.2.4
[INFO] [stderr]     Checking slab v0.4.1
[INFO] [stderr]     Checking nodrop v0.1.12
[INFO] [stderr]     Checking memoffset v0.2.1
[INFO] [stderr]     Checking either v1.5.0
[INFO] [stderr]     Checking lazycell v0.6.0
[INFO] [stderr]     Checking stable_deref_trait v1.1.1
[INFO] [stderr]     Checking ucd-util v0.1.1
[INFO] [stderr]    Compiling regex v0.2.11
[INFO] [stderr]     Checking lazy_static v0.2.11
[INFO] [stderr]     Checking pin-utils v0.1.0-alpha.1
[INFO] [stderr]     Checking scoped-tls v0.1.2
[INFO] [stderr]     Checking unicode-width v0.1.5
[INFO] [stderr]     Checking iovec v0.1.2
[INFO] [stderr]     Checking rand v0.4.3
[INFO] [stderr]     Checking num_cpus v1.8.0
[INFO] [stderr]     Checking memchr v2.0.1
[INFO] [stderr]     Checking termios v0.2.2
[INFO] [stderr]     Checking log v0.4.4
[INFO] [stderr]     Checking crossbeam-utils v0.3.2
[INFO] [stderr]     Checking net2 v0.2.33
[INFO] [stderr]     Checking socket2 v0.3.7
[INFO] [stderr]     Checking owning_ref v0.3.3
[INFO] [stderr]     Checking arrayvec v0.4.7
[INFO] [stderr]     Checking regex-syntax v0.5.6
[INFO] [stderr]     Checking clicolors-control v0.2.0
[INFO] [stderr]     Checking bytes v0.4.9
[INFO] [stderr]     Checking smallvec v0.6.4
[INFO] [stderr]     Checking aho-corasick v0.6.6
[INFO] [stderr]     Checking futures-core-preview v0.3.0-alpha.3
[INFO] [stdout] error[E0432]: unresolved import `core::mem::PinMut`
[INFO] [stdout]  --> /opt/rustwide/cargo-home/registry/src/github.com-1ecc6299db9ec823/futures-core-preview-0.3.0-alpha.3/src/future.rs:4:5
[INFO] [stdout]   |
[INFO] [stdout] 4 | use core::mem::PinMut;
[INFO] [stdout]   |     ^^^^^^^^^^^^^^^^^ no `PinMut` in `mem`
[INFO] [stdout] 
[INFO] [stdout] 
[INFO] [stdout] error[E0432]: unresolved imports `core::future::FutureObj`, `core::future::LocalFutureObj`, `core::future::UnsafeFutureObj`
[INFO] [stdout]  --> /opt/rustwide/cargo-home/registry/src/github.com-1ecc6299db9ec823/futures-core-preview-0.3.0-alpha.3/src/future.rs:6:32
[INFO] [stdout]   |
[INFO] [stdout] 6 | pub use core::future::{Future, FutureObj, LocalFutureObj, UnsafeFutureObj};
[INFO] [stdout]   |                                ^^^^^^^^^  ^^^^^^^^^^^^^^  ^^^^^^^^^^^^^^^ no `UnsafeFutureObj` in `future`
[INFO] [stdout]   |                                |          |
[INFO] [stdout]   |                                |          no `LocalFutureObj` in `future`
[INFO] [stdout]   |                                no `FutureObj` in `future`
[INFO] [stdout]   |                                help: a similar name exists in the module: `Future`
[INFO] [stdout] 
[INFO] [stdout] 
[INFO] [stdout] error[E0432]: unresolved import `core::mem::PinMut`
[INFO] [stdout]  --> /opt/rustwide/cargo-home/registry/src/github.com-1ecc6299db9ec823/futures-core-preview-0.3.0-alpha.3/src/stream.rs:5:5
[INFO] [stdout]   |
[INFO] [stdout] 5 | use core::mem::PinMut;
[INFO] [stdout]   |     ^^^^^^^^^^^^^^^^^ no `PinMut` in `mem`
[INFO] [stdout] 
[INFO] [stdout] 
[INFO] [stdout] error[E0433]: failed to resolve: use of undeclared type or module `std`
[INFO] [stdout]    --> /opt/rustwide/cargo-home/registry/src/github.com-1ecc6299db9ec823/futures-core-preview-0.3.0-alpha.3/src/stream.rs:128:9
[INFO] [stdout]     |
[INFO] [stdout] 128 |     use std::boxed::{Box, PinBox};
[INFO] [stdout]     |         ^^^ use of undeclared type or module `std`
[INFO] [stdout] 
[INFO] [stdout] 
[INFO] [stdout] error[E0433]: failed to resolve: use of undeclared type or module `std`
[INFO] [stdout]   --> /opt/rustwide/cargo-home/registry/src/github.com-1ecc6299db9ec823/futures-core-preview-0.3.0-alpha.3/src/task.rs:10:13
[INFO] [stdout]    |
[INFO] [stdout] 10 |     pub use std::task::{Wake, local_waker, local_waker_from_nonlocal};
[INFO] [stdout]    |             ^^^ use of undeclared type or module `std`
[INFO] [stdout] 
[INFO] [stdout] 
[INFO] [stdout] error[E0432]: unresolved imports `core::task::Spawn`, `core::task::LocalWaker`, `core::task::UnsafeWake`, `core::task::SpawnErrorKind`, `core::task::SpawnObjError`, `core::task::SpawnLocalObjError`
[INFO] [stdout]  --> /opt/rustwide/cargo-home/registry/src/github.com-1ecc6299db9ec823/futures-core-preview-0.3.0-alpha.3/src/task.rs:4:20
[INFO] [stdout]   |
[INFO] [stdout] 4 |     Context, Poll, Spawn,
[INFO] [stdout]   |                    ^^^^^ no `Spawn` in `task`
[INFO] [stdout] 5 |     Waker, LocalWaker, UnsafeWake,
[INFO] [stdout]   |            ^^^^^^^^^^  ^^^^^^^^^^ no `UnsafeWake` in `task`
[INFO] [stdout]   |            |
[INFO] [stdout]   |            no `LocalWaker` in `task`
[INFO] [stdout] 6 |     SpawnErrorKind, SpawnObjError, SpawnLocalObjError,
[INFO] [stdout]   |     ^^^^^^^^^^^^^^  ^^^^^^^^^^^^^  ^^^^^^^^^^^^^^^^^^ no `SpawnLocalObjError` in `task`
[INFO] [stdout]   |     |               |
[INFO] [stdout]   |     |               no `SpawnObjError` in `task`
[INFO] [stdout]   |     no `SpawnErrorKind` in `task`
[INFO] [stdout] 
[INFO] [stdout] 
[INFO] [stdout] error[E0433]: failed to resolve: could not find `std` in `{{root}}`
[INFO] [stdout]    --> /opt/rustwide/cargo-home/registry/src/github.com-1ecc6299db9ec823/futures-core-preview-0.3.0-alpha.3/src/stream.rs:152:34
[INFO] [stdout]     |
[INFO] [stdout] 152 |     impl<S: Stream> Stream for ::std::panic::AssertUnwindSafe<S> {
[INFO] [stdout]     |                                  ^^^ could not find `std` in `{{root}}`
[INFO] [stdout] 
[INFO] [stdout] 
[INFO] [stdout] error[E0433]: failed to resolve: could not find `std` in `{{root}}`
[INFO] [stdout]    --> /opt/rustwide/cargo-home/registry/src/github.com-1ecc6299db9ec823/futures-core-preview-0.3.0-alpha.3/src/stream.rs:163:33
[INFO] [stdout]     |
[INFO] [stdout] 163 |     impl<T: Unpin> Stream for ::std::collections::VecDeque<T> {
[INFO] [stdout]     |                                 ^^^ could not find `std` in `{{root}}`
[INFO] [stdout] 
[INFO] [stdout] 
[INFO] [stdout] error[E0412]: cannot find type `Box` in this scope
[INFO] [stdout]    --> /opt/rustwide/cargo-home/registry/src/github.com-1ecc6299db9ec823/futures-core-preview-0.3.0-alpha.3/src/stream.rs:130:49
[INFO] [stdout]     |
[INFO] [stdout] 130 |     impl<S: ?Sized + Stream + Unpin> Stream for Box<S> {
[INFO] [stdout]     |                                                 ^^^ not found in this scope
[INFO] [stdout] 
[INFO] [stdout] 
[INFO] [stdout] error[E0412]: cannot find type `PinBox` in this scope
[INFO] [stdout]    --> /opt/rustwide/cargo-home/registry/src/github.com-1ecc6299db9ec823/futures-core-preview-0.3.0-alpha.3/src/stream.rs:141:41
[INFO] [stdout]     |
[INFO] [stdout] 141 |     impl<S: ?Sized + Stream> Stream for PinBox<S> {
[INFO] [stdout]     |                                         ^^^^^^ not found in this scope
[INFO] [stdout] 
[INFO] [stdout] 
[INFO] [stdout] error: aborting due to 10 previous errors
[INFO] [stdout] 
[INFO] [stdout] 
[INFO] [stdout] Some errors have detailed explanations: E0412, E0432, E0433.
[INFO] [stdout] 
[INFO] [stdout] For more information about an error, try `rustc --explain E0412`.
[INFO] [stdout] 
[INFO] [stderr] error: could not compile `futures-core-preview`.
[INFO] [stderr] 
[INFO] [stderr] To learn more, run the command again with --verbose.
[INFO] [stderr] warning: build failed, waiting for other jobs to finish...
[INFO] [stderr] error: build failed
[INFO] running `Command { std: "docker" "inspect" "f86660fd1c239a63b1401ab79b903fd2345fa64c50cf65a9cb6a3c196b60b92c", kill_on_drop: false }`
[INFO] running `Command { std: "docker" "rm" "-f" "f86660fd1c239a63b1401ab79b903fd2345fa64c50cf65a9cb6a3c196b60b92c", kill_on_drop: false }`
[INFO] [stdout] f86660fd1c239a63b1401ab79b903fd2345fa64c50cf65a9cb6a3c196b60b92c
